{"id":3002,"date":"2019-12-18T16:37:01","date_gmt":"2019-12-18T16:37:01","guid":{"rendered":"https:\/\/www.consorcioctp.com\/?page_id=3002"},"modified":"2023-10-04T10:51:50","modified_gmt":"2023-10-04T15:51:50","slug":"3002-2","status":"publish","type":"page","link":"https:\/\/www.consorcioctp.com\/index.php\/3002-2\/","title":{"rendered":"Salida veh\u00edculos"},"content":{"rendered":"<p style=\"text-align: center;\"><span style=\"color: #000000;\"><strong>REQUISITOS PARA SALIDA DE VEH\u00cdCULOS POR INFRACCIONES<\/strong><\/span><\/p>\n<p><span style=\"color: #000000;\"><strong>Veh\u00edculos Particulares:<\/strong><\/span><\/p>\n<ol>\n<li><span style=\"color: #000000;\">Licencia de conducci\u00f3n<\/span><\/li>\n<li><span style=\"color: #000000;\">SOAT\u00a0 y RTM vigente<\/span><\/li>\n<li><span style=\"color: #000000;\">Licencia de Transito<\/span><\/li>\n<li><span style=\"color: #000000;\">C\u00e9dula de ciudadan\u00eda<\/span><\/li>\n<li><span style=\"color: #000000;\">No tener infracciones<\/span><\/li>\n<li><span style=\"color: #000000;\">Solicita un turno en el CTP y ser\u00e1 atendido en la ventanilla 2, 3 o 7<\/span><\/li>\n<\/ol>\n<p><span style=\"color: #000000;\"><strong>Nota<\/strong>: <\/span><\/p>\n<ul>\n<li><span style=\"color: #000000;\">Cuando una motocicleta es inmovilizada por los c\u00f3digos desde el D03 al D07 debe cancelar el comparendo para realizar la salida.<\/span><\/li>\n<\/ul>\n<p>&nbsp;<\/p>\n<p><span style=\"color: #000000;\"><strong>Veh\u00edculos p\u00fablicos:<\/strong><\/span><\/p>\n<ol>\n<li><span style=\"color: #000000;\">Licencia de conducci\u00f3n<\/span><\/li>\n<li><span style=\"color: #000000;\">SOAT\u00a0 y RTM vigente<\/span><\/li>\n<li><span style=\"color: #000000;\">Licencia de Transito<\/span><\/li>\n<li><span style=\"color: #000000;\">C\u00e9dula de ciudadan\u00eda<\/span><\/li>\n<li><span style=\"color: #000000;\">No tener infracciones<\/span><\/li>\n<\/ol>\n<p><span style=\"color: #000000;\"><strong>Nota<\/strong>:<\/span><\/p>\n<ul>\n<li><span style=\"color: #000000;\">Si se trata de un informe al transporte p\u00fablico, el usuario se debe dirigir a la Secretaria donde est\u00e1 matriculado el automotor para que realice el acta de entrega correspondiente o la Superintendencia de Puertos y Transporte, si el veh\u00edculo est\u00e1 registrado en Palmira lo hace directamente en la STTM.<\/span><\/li>\n<li><span style=\"color: #000000;\">Con el acta de entrega de la secretar\u00eda donde est\u00e1 matriculado el veh\u00edculo\u00a0 o la Superintendencia, el usuario se dirige a CTP, debe tomar turno para realizar el tr\u00e1mite y pagar los derechos.<\/span><\/li>\n<li><span style=\"color: #000000;\">Si un veh\u00edculo p\u00fablico es inmovilizado por c\u00f3digo 590 solo hasta el quinto d\u00eda podr\u00e1 realizar el tr\u00e1mite de salida, si es segunda vez 20 d\u00edas y la tercera vez son 40 d\u00edas.<\/span><\/li>\n<\/ul>\n<p>&nbsp;<\/p>\n<p style=\"text-align: center;\"><span style=\"color: #000000;\"><strong>REQUISITOS PARA RETIRO DE VEHICULOS INMOVILIZADOS POR ACCIDENTES<\/strong><\/span><\/p>\n<ol>\n<li style=\"text-align: left;\"><span style=\"color: #000000;\">Licencia de conducci\u00f3n<\/span><\/li>\n<li style=\"text-align: left;\"><span style=\"color: #000000;\">SOAT\u00a0 y RTM vigente<\/span><\/li>\n<li style=\"text-align: left;\"><span style=\"color: #000000;\">Licencia de Transito<\/span><\/li>\n<li style=\"text-align: left;\"><span style=\"color: #000000;\">C\u00e9dula de ciudadan\u00eda<\/span><\/li>\n<li style=\"text-align: left;\"><span style=\"color: #000000;\">No tener infracciones<\/span><\/li>\n<li style=\"text-align: left;\"><span style=\"color: #000000;\">Acta de entrega de la polic\u00eda, fiscal\u00eda o de la STTM.<\/span><\/li>\n<li style=\"text-align: left;\"><span style=\"color: #000000;\">Desistimiento autenticado (si hay lesionados)<\/span><\/li>\n<li style=\"text-align: left;\"><span style=\"color: #000000;\">Inventario<\/span><\/li>\n<\/ol>\n<p style=\"text-align: left;\"><span style=\"color: #000000;\"><strong>Nota:<\/strong><\/span><\/p>\n<ul>\n<li style=\"text-align: left;\"><span style=\"color: #000000;\">Cuando un menor de edad est\u00e1 involucrado en una inmovilizaci\u00f3n por comparendo o accidente se requiere que uno de sus padres se presente a realizar el tr\u00e1mite con \u00e9l.<\/span><\/li>\n<li style=\"text-align: left;\"><span style=\"color: #000000;\">Casos con menor de edad.\u00a0 El padre se acerca a la polic\u00eda, fiscal\u00eda o STTM para que le expidan la orden de entrega a su nombre.<\/span><br \/>\n<span style=\"color: #000000;\"> Despu\u00e9s se dirige a la sede principal a realizar el tr\u00e1mite y debe presentar los documentos antes mencionados.<\/span><\/li>\n<\/ul>\n<p>&nbsp;<\/p>\n<p style=\"text-align: center;\"><span style=\"color: #000000;\"><strong>REQUISITOS PARA SALIDA DE VEH\u00cdCULOS POR ALCOHOLEMIA<\/strong><\/span><\/p>\n<ol>\n<li style=\"text-align: left;\"><span style=\"color: #000000;\">Inicialmente debe solicitar Audiencia, y correspondiente al fallo de la misma se procede al retiro del veh\u00edculo llevando la misma documentaci\u00f3n de los requisitos b\u00e1sicos, una vez haya cumplido el tiempo de inmovilizaci\u00f3n<\/span><\/li>\n<li style=\"text-align: left;\"><span style=\"color: #000000;\">Presentarse en nuestra sede con una persona que tenga licencia de conducci\u00f3n de la misma categor\u00eda suya, para as\u00ed subsanar la salida de su veh\u00edculo.<br \/>\n<\/span><\/li>\n<li style=\"text-align: left;\"><span style=\"color: #000000;\">SOAT\u00a0 y RTM vigente<\/span><\/li>\n<li style=\"text-align: left;\"><span style=\"color: #000000;\">Licencia de Tr\u00e1nsito<\/span><\/li>\n<li style=\"text-align: left;\"><span style=\"color: #000000;\">C\u00e9dula de ciudadan\u00eda<\/span><\/li>\n<\/ol>\n<p>&nbsp;<\/p>\n<p>&nbsp;<\/p>\n<p>&nbsp;<\/p>\n<p>&nbsp;<\/p>\n","protected":false},"excerpt":{"rendered":"<p>REQUISITOS PARA SALIDA DE VEH\u00cdCULOS POR INFRACCIONES Veh\u00edculos Particulares: Licencia de conducci\u00f3n SOAT\u00a0 y RTM vigente Licencia de Transito C\u00e9dula de ciudadan\u00eda No tener infracciones Solicita un turno en el CTP y ser\u00e1 atendido en la ventanilla 2, 3 o 7 Nota: Cuando una motocicleta es inmovilizada por los c\u00f3digos desde el D03 al D07 [&hellip;]\n","protected":false},"author":8,"featured_media":0,"parent":0,"menu_order":0,"comment_status":"closed","ping_status":"closed","template":"","meta":{"_mi_skip_tracking":false,"_monsterinsights_sitenote_active":false,"_monsterinsights_sitenote_note":"","_monsterinsights_sitenote_category":0,"footnotes":""},"_links":{"self":[{"href":"https:\/\/www.consorcioctp.com\/index.php\/wp-json\/wp\/v2\/pages\/3002"}],"collection":[{"href":"https:\/\/www.consorcioctp.com\/index.php\/wp-json\/wp\/v2\/pages"}],"about":[{"href":"https:\/\/www.consorcioctp.com\/index.php\/wp-json\/wp\/v2\/types\/page"}],"author":[{"embeddable":true,"href":"https:\/\/www.consorcioctp.com\/index.php\/wp-json\/wp\/v2\/users\/8"}],"replies":[{"embeddable":true,"href":"https:\/\/www.consorcioctp.com\/index.php\/wp-json\/wp\/v2\/comments?post=3002"}],"version-history":[{"count":1,"href":"https:\/\/www.consorcioctp.com\/index.php\/wp-json\/wp\/v2\/pages\/3002\/revisions"}],"predecessor-version":[{"id":6357,"href":"https:\/\/www.consorcioctp.com\/index.php\/wp-json\/wp\/v2\/pages\/3002\/revisions\/6357"}],"wp:attachment":[{"href":"https:\/\/www.consorcioctp.com\/index.php\/wp-json\/wp\/v2\/media?parent=3002"}],"curies":[{"name":"wp","href":"https:\/\/api.w.org\/{rel}","templated":true}]}}